 divided by 11.
2
Let b(t) = -1 + 194*t - 1 - 196*t. Let y = 9 + 0. Calculate the remainder when b(-13) is divided by y.
6
Let c be 21*(3 + (-28)/12). Let z = 52 - c. Calculate the remainder when z is divided by 13.
12
Let q(n) = -n**3 + 7*n**2 - 7*n + 8. Let j be q(6). Suppose 2*s + 38 = j*l - 3*s, 5*l - 41 = -s. What is the remainder when 60/(7 - 5) - -2 is divided by l?
5
Suppose -5*f - 4*s + 5*s = 4, -12 = 2*f - 3*s. Suppose -14*j + 8*j + 714 = f. Calculate the remainder when j is divided by 40.
39
Let d = 15 - 3. Suppose -4*x - 17 + 25 = 0, -62 = -2*v + 3*x. Calculate the remainder when v is divided by d.
10
What is the remainder when (-1 - 10) + 421/1 is divided by 105?
95
Suppose 0 = -3*q - 5 + 11. Suppose 6*w = q*w + 8. Suppose -7 - 23 = -w*c. Calculate the remainder when 28 is divided by c.
13
Let g(c) = -7*c**3 + c**2 - c. Let p be g(1). Let i be (1 - 1)*p/(-28). What is the remainder when -3 - ((i - -3) + -57) is divided by 13?
12
Let m = 392 - 145. Suppose 19*z - m = 6*z. Calculate the remainder when 0/((-1)/1) + 36 is divided by z.
17
Suppose 428 = 23*d - 561. What is the remainder when 470 is divided by d?
40
Suppose -2*r + h = -1339, -r - 7*h = -9*h - 668. Calculate the remainder when r is divided by 56.
54
Let z = 214 + -163. Calculate the remainder when z is divided by 13.
12
Let a(b) = -b**3 + 12*b**2 + 15*b - 4. Suppose 3*q + q = 52. Let m be a(q). Calculate the remainder when 77 is divided by m - (-4 - -2)*-1.
17
Let x = 10 - 7. Suppose -19 = -4*f - x. Suppose 11 + 25 = 3*o + f*g, 4*g = 0. What is the remainder when o is divided by 7?
5
Calculate the remainder when (-2)/9 + (-44440)/(-396) is divided by 22.
2
Suppose 4*u + 8*f - 243 = 9*f, -4*f = 3*u - 206. Let o(v) = v**2 + 2*v + 5. What is the remainder when u is divided by o(-4)?
10
Let v be (4/(-8))/((-3)/30). Suppose v*j - o - 52 = 0, -j + 4*o = j - 28. What is the remainder when j is divided by 9?
1
Let v be (-52 - -4)/(-2)*(-8)/(-12). Let n(b) = -b**3 + 16*b**2 - b + 33. Suppose 0 = -u - 2*u + 18. What is the remainder when n(v) is divided by u?
5
Let n be ((-4)/8 - 1)*220/(-3). Let w = 186 - n. What is the remainder when w is divided by 20?
16
Let x = -396 - -443. What is the remainder when x is divided by 35?
12
Let z(g) = 8*g**2 + 35*g - 210. What is the remainder when z(7) is divided by 27?
22
Suppose -3*h = k + h - 19, h = -k + 16. Let s = 201 - 144. What is the remainder when s is divided by k?
12
Calculate the remainder when 82/(-16)*(-288)/36 is divided by 2/(-4) - 30/(-4).
6
Suppose -c - 3*c - 1528 = 0. Let a = c - -547. Calculate the remainder when a is divided by 21.
18
Let u(t) = -2*t - 35. Let n be u(-9). Let x = 18 - n. What is the remainder when x is divided by 23?
12
What is the remainder when ((-1808)/(-56))/((-52)/14 + 4) is divided by 99?
14
Let g(v) = -8*v - 118. What is the remainder when 169 is divided by g(-22)?
53
Suppose 22 = 3*d - 119. What is the remainder when d is divided by 540/55 + (-2)/(-11)?
7
Let y(r) = -7*r - 1. Let k be (8/(-10))/((-1463)/245 + 6). What is the remainder when y(-4) is divided by 12/(-3)*k/16?
6
Suppose 34*h - 176 - 28 = 0. Calculate the remainder when 11 is divided by h.
5
Let c be -2*((-5)/(-2) - 3)/(-1). Let j = 19 - c. Suppose 202 = 4*z + 50. Calculate the remainder when z is divided by j.
18
What is the remainder when (2 + -2 + -123)*9/(-27) is divided by 28?
13
Let d(j) = -114*j**3 - j**2 + j. Let o be d(1). Let h = o + 201. Calculate the remainder when h is divided by 22.
21
Let u = -18 + 31. Suppose 47 + u = 4*n. What is the remainder when 43 is divided by n?
13
Suppose 5*l + 1775 = 5*c, 0*l + 1445 = 4*c + l. Calculate the remainder when c is divided by 61.
55
Let h be 1 + 0 - ((-45)/(-3))/5. What is the remainder when 140/5 + -2 + h is divided by 9?
6
Let v(h) = -5*h + 8. Let c be v(7). Suppose -7 + 1 = -s. What is the remainder when (c/6)/(-1)*s is divided by 10?
7
Let d(z) = -9*z - 3. Suppose 0 = 5*t - 4*t - 9. What is the remainder when d(-8) is divided by (t/(-2))/3*-12?
15
Let k(g) = g**3 - g**2 + g. Let w(m) = -7*m**3 + 5*m**2 - 8*m + 3. Let b(z) = -2*k(z) - w(z). Calculate the remainder when b(3) is divided by 31.
30
Let h = 296 - 226. Calculate the remainder when 209 is divided by h.
69
Suppose -5*a + 7 = -13. Suppose -4*x + 14 = -i, x - a*x - 5*i = -22. Suppose -x = 2*t, 4*r - 28 = 2*t + 24. What is the remainder when 47 is divided by r?
11
Calculate the remainder when 154 is divided by 3/36*466 + 2/12.
37
Let g(m) = m + 5. Let f be g(-5). Suppose f = -v + 5*v - 244. Let q = v + -39. Calculate the remainder when 40 is divided by q.
18
Let q(c) = 10*c - 133. What is the remainder when q(24) is divided by 56?
51
Suppose 9*m - 929 = -20. Let u be 0/(0 + 3) + -2. Calculate the remainder when m is divided by (1 + 38)*u/(-3).
23
Let o be 2*-2 - (8 - 10). Let y = o - -24. Let c(j) = j**3 - 8*j**2 + 8*j - 1. Calculate the remainder when y is divided by c(7).
4
Suppose n + 13 + 6 = 0. Let k = -11 - n. Suppose -4*j = -3*b + 59, -4*b + 2*j + 10 = -52. Calculate the remainder when b is divided by k.
5
Let v = 0 + 0. Suppose v = g, -2*g - 8 = -2*s + 10. Let c(n) = -n**3 + 27*n**2 + 9*n - 866. What is the remainder when c(26) is divided by s?
8
Let c(i) = -7*i**2. Let h be c(-1). Let l(p) = -4*p - 1. What is the remainder when l(h) is divided by 38/4 - 4/(-8)?
7
Let w = -1126 + 1138. What is the remainder when 262 is divided by w?
10
Let d = -32 - -37. Calculate the remainder when ((-23)/d - -4)*-265 is divided by 40.
39
Let s be 3/12 - (-1)/(-4). Suppose s = 3*w + 4*n - 2*n - 24, 0 = w + n - 9. Calculate the remainder when 10 is divided by w.
4
Let a(l) = -2*l**3 + l**2 + l + 7. Let z be 8/6*(9 + -3). Suppose -r + 5 - z = 0. Calculate the remainder when a(r) is divided by 14.
11
Let p(q) = q + 8. Suppose 10*j - 11*j = 9. Let v be p(j). What is the remainder when 33 is divided by 209/22*(1 - v)?
14
Suppose -3*r - 5 = 10. Let j(c) = -c**3 + 6*c - 3. What is the remainder when j(r) is divided by 31?
30
Let c = -148 + 34. What is the remainder when (c/(-15))/((-2)/(-20)) is divided by 13?
11
Let d be (-48)/(-10) + (-4)/5. Let f = d - 1. Let v(c) = 6*c**3 + c**2 + c - 1. Calculate the remainder when v(1) is divided by f.
1
Let l(v) = -2*v**2 + 11*v + 38. What is the remainder when l(7) is divided by 1 + (-3)/((-6)/16)?
8
What is the remainder when 45/1 + (-23 + 12 - -10) is divided by 7?
2
Suppose -2*c = -3*n - 847 - 448, 3*n - 3227 = -5*c. Calculate the remainder when c is divided by 13.
9
Suppose 2*q - 22 = 28. Let h = -22 + -65. Let v = h + 134. What is the remainder when v is divided by q?
22
Let i = -12 + 29. Suppose -i = -4*m + 11. What is the remainder when 12 is divided by m?
5
Let h be 1 - -1*(-4 - -38). Let j be 2/(-4) - h/(-10). Suppose j*i - 72 = -3*p, 2*p = -4*i + p + 105. Calculate the remainder when i is divided by 14.
13
Let d = 12 + -8. Suppose 3*f - 29 = 5*w + d*f, -11 = 3*w - f. Let u(m) = -14*m - 7. What is the remainder when u(w) is divided by 16?
15
Let c(b) = 40*b + 135. Let y(t) = 103*t**2 + 2*t + 1. Calculate the remainder when y(-1) is divided by c(-3).
12
Let n(w) = -w**3 + 7*w**2 - 4*w + 2. What is the remainder when 119 is divided by n(5)?
23
Let z = -39 + 25. Let o(w) = 7*w**3 - 2*w**2 + 2. Calculate the remainder when o(2) is divided by 6/(-4) + (-441)/z + -4.
24
Suppose -102*y + 116*y = 420. Calculate the remainder when 76 is divided by y.
16
Let j(p) = 2*p**3 + 9*p**2 - p + 5. Let d be (12*4/(-30))/(4/10). Calculate the remainder when j(d) is divided by 15.
10
Let a = 2 - -2. Suppose -6 = -2*c, -4*c - 16 = -2*g - 88. Let w = g + 47. What is the remainder when w is divided by a?
1
Suppose 3*r - 10*r + 210 = 0. Suppose 31*u = r*u + 28. Calculate the remainder when 53 is divided by u.
25
Let x be (370/(-10))/(2 + -1). Let q = x + 46. Suppose i - 2*i + 17 = 0. What is the remainder when i is divided by q?
8
Suppose 13*y + 459 = 16*y. Calculate the remainder when y is divided by 52.
49
Suppose 2*v = v + 8. Suppose -12*j + 308 = -64. Calculate the remainder when j is divided by v.
7
Suppose 2*h - 3*y = -77 + 244, 3*h + 5*y - 241 = 0. Suppose -41*m = 2*m - 1204. Calculate the remainder when h is divided by m.
26
Let p = 58 + -28. Calculate the remainder when 1/3 + 10032/144 is divided b